 is the hundreds digit of 997?
9
What is the thousands digit of 127641?
7
What is the hundred thousands digit of 101182?
1
What is the hundreds digit of 173334?
3
What is the thousands digit of 21788?
1
What is the tens digit of 33?
3
What is the tens digit of 1464?
6
What is the tens digit of 22108?
0
What is the units digit of 9769?
9
What is the tens digit of 912?
1
What is the tens digit of 2679?
7
What is the hundreds digit of 31546?
5
What is the hundreds digit of 2161?
1
What is the thousands digit of 1250?
1
What is the units digit of 47541?
1
What is the units digit of 943?
3
What is the tens digit of 127523?
2
What is the tens digit of 4056?
5
What is the thousands digit of 1404?
1
What is the thousands digit of 5003?
5
What is the units digit of 362?
2
What is the ten thousands digit of 68588?
6
What is the hundreds digit of 6461?
4
What is the tens digit of 89678?
7
What is the thousands digit of 1195?
1
What is the hundreds digit of 3224?
2
What is the thousands digit of 13364?
3
What is the thousands digit of 6376?
6
What is the units digit of 19?
9
What is the units digit of 6688?
8
What is the tens digit of 1089?
8
What is the units digit of 1177?
7
What is the hundreds digit of 5065?
0
What is the tens digit of 1808?
0
What is the units digit of 13682?
2
What is the units digit of 708?
8
What is the thousands digit of 1942?
1
What is the thousands digit of 1048?
1
What is the units digit of 32909?
9
What is the tens digit of 19369?
6
What is the tens digit of 4990?
9
What is the hundreds digit of 862?
8
What is the thousands digit of 6102?
6
What is the units digit of 1640?
0
What is the tens digit of 4296?
9
What is the thousands digit of 15215?
5
What is the hundreds digit of 621?
6
What is the tens digit of 2291?
9
What is the hundreds digit of 66069?
0
What is the hundreds digit of 123646?
6
What is the hundreds digit of 37211?
2
What is the units digit of 5119?
9
What is the tens digit of 532?
3
What is the ten thousands digit of 105436?
0
What is the hundreds digit of 180749?
7
What is the units digit of 34009?
9
What is the tens digit of 407?
0
What is the units digit of 4528?
8
What is the tens digit of 409?
0
What is the hundreds digit of 1176?
1
What is the hundreds digit of 321?
3
What is the hundreds digit of 860?
8
What is the thousands digit of 17551?
7
What is the units digit of 297?
7
What is the units digit of 481?
1
What is the units digit of 22559?
9
What is the tens digit of 7455?
5
What is the tens digit of 1500?
0
What is the ten thousands digit of 48867?
4
What is the tens digit of 2351?
5
What is the tens digit of 1206?
0
What is the hundreds digit of 2429?
4
What is the units digit of 19012?
2
What is the tens digit of 2933?
3
What is the hundreds digit of 967?
9
What is the thousands digit of 2324?
2
What is the units digit of 16895?
5
What is the ten thousands digit of 49599?
4
What is the units digit of 359?
9
What is the tens digit of 13664?
6
What is the hundreds digit of 12152?
1
What is the tens digit of 197?
9
What is the units digit of 3486?
6
What is the hundred thousands digit of 160203?
1
What is the hundreds digit of 1761?
7
What is the tens digit of 4399?
9
What is the hundreds digit of 1791?
7
What is the ten thousands digit of 153080?
5
What is the units digit of 564?
4
What is the thousands digit of 1413?
1
What is the units digit of 179270?
0
What is the hundreds digit of 3643?
6
What is the thousands digit of 19561?
9
What is the hundreds digit of 4557?
5
What is the tens digit of 4402?
0
What is the ten thousands digit of 94378?
9
What is the thousands digit of 19937?
9
What is the tens digit of 8550?
5
What is the ten thousands digit of 14377?
1
What is the tens digit of 4562?
6
What is the hundreds digit of 5179?
1
What is the tens digit of 5294?
9
What is the tens digit of 78219?
1
What is the hundreds digit of 1889?
8
What is the hundreds digit of 966?
9
What is the thousands digit of 20107?
0
What is the hundreds digit of 840?
8
What is the hundreds digit of 79370?
3
What is the thousands digit of 80189?
0
What is the units digit of 34971?
1
What is the tens digit of 23346?
4
What is the hundreds digit of 502?
5
What is the hundreds digit of 204?
2
What is the units digit of 5850?
0
What is the units digit of 1370?
0
What is the thousands digit of 2488?
2
What is the units digit of 1803?
3
What is the tens digit of 71624?
2
What is the ten thousands digit of 168406?
6
What is the thousands digit of 1247?
1
What is the tens digit of 33759?
5
What is the thousands digit of 50398?
0
What is the units digit of 619?
9
What is the units digit of 54099?
9
What is the ten thousands digit of 48495?
4
What is the tens digit of 5874?
7
What is the tens digit of 1530?
3
What is the thousands digit of 1855?
1
What is the hundreds digit of 3491?
4
What is the thousands digit of 1142?
1
What is the hundreds digit of 3061?
0
What is the tens digit of 2706?
0
What is the hundreds digit of 126506?
5
What is the units digit of 72552?
2
What is the hundreds digit of 6251?
2
What is the tens digit of 4700?
0
What is the hundreds digit of 27116?
1
What is the hundreds digit of 16702?
7
What is the ten thousands digit of 69077?
6
What is the units digit of 4060?
0
What is the tens digit of 20998?
9
What is the units digit of 15559?
9
What is the thousands digit of 3862?
3
What is the tens digit of 5498?
9
What is the thousands digit of 3702?
3
What is the units digit of 4644?
4
What is the hundreds digit of 971?
9
What is the units digit of 716?
6
What is the units digit of 3943?
3
What is the thousands digit of 6718?
6
What is the hundreds digit of 1993?
9
What is the hundreds digit of 859?
8
What is the tens digit of 234?
3
What is the tens digit of 2546?
4
What is the units digit of 5814?
4
What is the hundreds digit of 213?
2
What is the units digit of 933?
3
What is the thousands digit of 5712?
5
What is the hundreds digit of 989?
9
What is the units digit of 87163?
3
What is the hundreds digit of 7226?
2
What is the hundreds digit of 4064?
0
What is the units digit of 11892?
2
What is the thousands digit of 3788?
3
What is the tens digit of 559?
5
What is the tens digit of 87561?
6
What is the units digit of 2986?
6
What is the tens digit of 24801?
0
What is the hundreds digit of 61561?
5
What is the units digit of 7707?
7
What is the hundreds digit of 1025?
0
What is the units digit of 8611?
1
What is the hundreds digit of 73348?
3
What is the hundreds digit of 1774?
7
What is the hundreds digit of 582?
5
What is the units digit of 6578?
8
What is the thousands digit of 19132?
9
What is the ten thousands digit of 32830?
3
What is the thousands digit of 12994?
2
What is the hundreds digit of 77293?
2
What is the tens digit of 914?
1
What is the units digit of 25215?
5
What is the units digit of 38281?
1
What is the tens digit of 31951?
5
What is the tens digit of 9873?
7
What is the ten thousands digit of 10807?
1
What is the hundreds digit of 4842?
8
What is the units digit of 5572?
2
What is the hundreds digit of 2342?
3
What is the tens digit of 147?
4
What is the units digit of 2138?
8
What is the tens digit of 1863?
6
What is the thousands digit of 42300?
2
What is the hundreds digit of 50507?
5
What is the units digit of 1545?
5
What is the units digit of 95?
5
What is the tens digit of 8120?
2
What is the tens digit of 1507?
0
What is the units digit of 8584?
4
What is the thousands digit of 31979?
1
What is the units digit of 2?
2
What is the tens digit of 155477?
7
What is the hundreds digit of 6767?
7
What is the thousands digit of 27043?
7
What is the units digit of 90595?
5
What is the units digit of 9510?
0
What is the hundreds digit of 738?
7
What is the units digit of 5241?
1
What is the thousands digit of 13856?
3
What is the ten thousands digit of 19787?
1
What is the tens digit of 2355?
5
What is the tens digit of 1334?
3
What is the thousands digit of 13081?
3
What is the thousands digit of 68507?
8
What is the thousands digit of 1510?
1
What is the hundreds digit of 2311?
3
What is the thousands digit of 4951?
4
What is the hundreds digit of 28002?
0
What is the units digit of 3222?
2
What is the units digit of 28148?
8
What is the units digit of 4996?
6
What is the tho